{"id":16,"date":"2023-12-11T15:13:20","date_gmt":"2023-12-11T14:13:20","guid":{"rendered":"https:\/\/nextcloud.fehlfunktion.com\/wordpress1\/?page_id=16"},"modified":"2024-02-10T21:26:19","modified_gmt":"2024-02-10T20:26:19","slug":"about","status":"publish","type":"page","link":"https:\/\/www.psychologie-flackl.at\/index.php\/about\/","title":{"rendered":"\u00dcber mich"},"content":{"rendered":"\n<h1 class=\"wp-block-heading\">\u00dcber mich<\/h1>\n\n\n\n<div class=\"wp-block-columns is-layout-flex wp-container-core-columns-is-layout-9d6595d7 wp-block-columns-is-layout-flex\">\n<div class=\"wp-block-column is-layout-flow wp-block-column-is-layout-flow\"><div class=\"wp-block-image is-style-default\">\n<figure class=\"alignleft size-full is-resized\"><img loading=\"lazy\" decoding=\"async\" width=\"500\" height=\"333\" src=\"https:\/\/nextcloud.fehlfunktion.com\/wordpress1\/wp-content\/uploads\/2024\/02\/DSC6087.jpg\" alt=\"\" class=\"wp-image-260\" style=\"width:569px;height:auto\" srcset=\"https:\/\/www.psychologie-flackl.at\/wp-content\/uploads\/2024\/02\/DSC6087.jpg 500w, https:\/\/www.psychologie-flackl.at\/wp-content\/uploads\/2024\/02\/DSC6087-300x200.jpg 300w\" sizes=\"auto, (max-width: 500px) 100vw, 500px\" \/><\/figure>\n<\/div><\/div>\n\n\n\n<div class=\"wp-block-column is-layout-flow wp-block-column-is-layout-flow\">\n<div style=\"height:20px\" aria-hidden=\"true\" class=\"wp-block-spacer\"><\/div>\n\n\n\n<p><\/p>\n\n\n\n<p>Mit einem tiefen Verst\u00e4ndnis f\u00fcr die Vielfalt menschlicher Erfahrungen unterst\u00fctze ich Sie auf Ihrem Weg zu innerem Wohlbefinden und pers\u00f6nlichem Wachstum. Meine professionelle Reise ist gepr\u00e4gt von der \u00dcberzeugung, dass jeder Mensch einzigartig ist, daher setze ich individuell angepasste Ans\u00e4tze ein.<\/p>\n\n\n\n<p>Meine Schwerpunkte liegen in bew\u00e4hrten klinischen Methoden und meiner Leidenschaft f\u00fcr Neuropsychologie. Diese erm\u00f6glicht ganzheitliche Einblicke in die Ursachen psychischer Herausforderungen und die Entwicklung ma\u00dfgeschneiderter Interventionsstrategien.<\/p>\n\n\n\n<p><\/p>\n\n\n\n<p>Als Klinische Psychologin begleite ich mit Leidenschaft Menschen auf ihrem Weg zu innerer Balance und psychischem Wohlbefinden. In meiner Praxis schaffe ich einen einf\u00fchlsamen und respektvollen Raum, in dem Sie offen \u00fcber Ihre Herausforderungen sprechen k\u00f6nnen. Gemeinsam finden wir L\u00f6sungen und bewirken positive Ver\u00e4nderungen in Ihrem Leben.<\/p>\n<\/div>\n<\/div>\n\n\n\n<p><\/p>\n\n\n\n<hr class=\"wp-block-separator has-alpha-channel-opacity\"\/>\n\n\n\n<p><\/p>\n\n\n\n<p><\/p>\n\n\n\n<div class=\"wp-block-buttons is-content-justification-center is-layout-flex wp-container-core-buttons-is-layout-16018d1d wp-block-buttons-is-layout-flex\">\n<div class=\"wp-block-button button-ausbildung\"><a class=\"wp-block-button__link wp-element-button\">Ausbildung<\/a><\/div>\n\n\n\n<div class=\"wp-block-button button-seminare\"><a class=\"wp-block-button__link wp-element-button\">Seminare<\/a><\/div>\n\n\n\n<div class=\"wp-block-button button-taetigkeiten\"><a class=\"wp-block-button__link wp-element-button\">T\u00e4tigkeiten<\/a><\/div>\n<\/div>\n\n\n\n<p><\/p>\n\n\n\n<div class=\"wp-block-columns is-layout-flex wp-container-core-columns-is-layout-9d6595d7 wp-block-columns-is-layout-flex\">\n<div class=\"wp-block-column is-layout-flow wp-block-column-is-layout-flow\" style=\"flex-basis:30%\"><\/div>\n\n\n\n<div class=\"wp-block-column ausbildung active is-layout-flow wp-block-column-is-layout-flow\" style=\"flex-basis:40%\">\n<h5 class=\"wp-block-heading\">Ausbildung<\/h5>\n\n\n\n<ul class=\"wp-block-list\">\n<li>Postgraduelle Ausbildung in Klinischer Psychologie (AAP)<\/li>\n\n\n\n<li>Masterstudium der Psychologie an der Universit\u00e4t Graz\n<ul class=\"wp-block-list\">\n<li><strong>Schwerpunkt<\/strong>: Kognitive und affektive Neurowissenschaften<\/li>\n<\/ul>\n<\/li>\n\n\n\n<li>Bachelorstudium der Psychologie an der Universit\u00e4t Graz\n<ul class=\"wp-block-list\">\n<li><strong>Schwerpunkt<\/strong>: Sozialpsychologie<\/li>\n<\/ul>\n<\/li>\n<\/ul>\n\n\n\n<div style=\"height:160px\" aria-hidden=\"true\" class=\"wp-block-spacer\"><\/div>\n<\/div>\n\n\n\n<div class=\"wp-block-column is-layout-flow wp-block-column-is-layout-flow\" style=\"flex-basis:30%\"><\/div>\n<\/div>\n\n\n\n<div class=\"wp-block-columns is-layout-flex wp-container-core-columns-is-layout-9d6595d7 wp-block-columns-is-layout-flex\">\n<div class=\"wp-block-column is-layout-flow wp-block-column-is-layout-flow\" style=\"flex-basis:30%\"><\/div>\n\n\n\n<div class=\"wp-block-column seminare is-layout-flow wp-block-column-is-layout-flow\" style=\"flex-basis:40%\">\n<h5 class=\"wp-block-heading\">Seminare<\/h5>\n\n\n\n<ul class=\"wp-block-list\">\n<li>Konfliktarbeit<\/li>\n\n\n\n<li>Psychologie und Familienrecht<\/li>\n\n\n\n<li>Suizidpr\u00e4vention im \u00d6sterreichischen Bundesheer<\/li>\n\n\n\n<li>Gender Mainstreaming &amp; Diversity Management<\/li>\n\n\n\n<li>Pathogenese, Komorbidit\u00e4ten und Behandlung bei Suchterkrankungen<\/li>\n\n\n\n<li>Forensische Psychologie: Ein Einblick in den Justizalltag<\/li>\n\n\n\n<li>16. Jahrestagung der \u00d6sterreichischen Gesellschaft f\u00fcr Neurologie<\/li>\n<\/ul>\n\n\n\n<div style=\"height:70px\" aria-hidden=\"true\" class=\"wp-block-spacer\"><\/div>\n<\/div>\n\n\n\n<div class=\"wp-block-column is-layout-flow wp-block-column-is-layout-flow\" style=\"flex-basis:30%\"><\/div>\n<\/div>\n\n\n\n<div class=\"wp-block-columns is-layout-flex wp-container-core-columns-is-layout-9d6595d7 wp-block-columns-is-layout-flex\">\n<div class=\"wp-block-column is-layout-flow wp-block-column-is-layout-flow\" style=\"flex-basis:30%\"><\/div>\n\n\n\n<div class=\"wp-block-column taetigkeiten is-layout-flow wp-block-column-is-layout-flow\" style=\"flex-basis:40%\">\n<h5 class=\"wp-block-heading\">T\u00e4tigkeiten<\/h5>\n\n\n\n<h6 class=\"wp-block-heading\">Aktuell<\/h6>\n\n\n\n<ul class=\"wp-block-list\">\n<li>T\u00e4tigkeit in freier Praxis<\/li>\n\n\n\n<li>seit 2022 Justizanstalt f\u00fcr Jugendliche Gerasdorf<\/li>\n<\/ul>\n\n\n\n<p><\/p>\n\n\n\n<h6 class=\"wp-block-heading\">Vorherige<\/h6>\n\n\n\n<ul class=\"wp-block-list\">\n<li>IR&amp;C Consult Dr. J\u00f6rg Prieler<\/li>\n\n\n\n<li>Justizanstalt f\u00fcr Frauen Schwarzau<\/li>\n\n\n\n<li>Itworks Personalservice &amp; Beratung gemeinn\u00fctzige GmbH<\/li>\n\n\n\n<li>Mentor \u2013 Bildungs- und beratungsinstitut<\/li>\n\n\n\n<li>Hilfswerk N\u00d6 \u2013 Lerntraining f\u00fcr Kinder und Jugendliche mit besonderen Bed\u00fcrfnissen<\/li>\n\n\n\n<li>Landesklinikum Neunkirchen: Akut- und Tagesklinik<\/li>\n<\/ul>\n<\/div>\n\n\n\n<div class=\"wp-block-column is-layout-flow wp-block-column-is-layout-flow\" style=\"flex-basis:30%\"><\/div>\n<\/div>\n\n\n\n<p><\/p>\n\n\n\n<p><\/p>\n\n\n\n<p><\/p>\n\n\n\n<p><\/p>\n\n\n\n<p><\/p>\n\n\n\n<p><\/p>\n\n\n\n<style>\n.ausbildung, .seminare, .taetigkeiten { display: none; }\n.active { display: block; }\n<\/style>\n\n<script>\nbuttonausbildung = document.querySelector('.button-ausbildung');\nbuttonseminare = document.querySelector('.button-seminare');\nbuttontaetigkeiten = document.querySelector('.button-taetigkeiten');\n\nausbildung = document.querySelector('.ausbildung');\nseminare = document.querySelector('.seminare');\ntaetigkeiten = document.querySelector('.taetigkeiten');\n\nbuttonausbildung.addEventListener('click', function(event) {\n    event.preventDefault();\nausbildung.classList.add(\"active\");\nseminare.classList.remove(\"active\");\ntaetigkeiten.classList.remove(\"active\");\n});\n\nbuttonseminare.addEventListener('click', function(event) {\n    event.preventDefault();\nausbildung.classList.remove(\"active\");\nseminare.classList.add(\"active\");\ntaetigkeiten.classList.remove(\"active\");\n});\n\nbuttontaetigkeiten.addEventListener('click', function(event) {\n    event.preventDefault();\nausbildung.classList.remove(\"active\");\nseminare.classList.remove(\"active\");\ntaetigkeiten.classList.add(\"active\");\n});\n\n\n<\/script>\n","protected":false},"excerpt":{"rendered":"<p>\u00dcber mich Mit einem tiefen Verst\u00e4ndnis f\u00fcr die Vielfalt menschlicher Erfahrungen unterst\u00fctze ich Sie auf Ihrem Weg zu innerem Wohlbefinden und pers\u00f6nlichem Wachstum. Meine professionelle Reise ist gepr\u00e4gt von der \u00dcberzeugung, dass jeder Mensch einzigartig ist, daher setze ich individuell angepasste Ans\u00e4tze ein. Meine Schwerpunkte liegen in bew\u00e4hrten klinischen Methoden und meiner Leidenschaft f\u00fcr Neuropsychologie. [&hellip;]<\/p>\n","protected":false},"author":1,"featured_media":0,"parent":0,"menu_order":0,"comment_status":"closed","ping_status":"closed","template":"","meta":{"_regular_price":[],"currency_symbol":[],"footnotes":""},"class_list":["post-16","page","type-page","status-publish","hentry"],"post_slider_layout_featured_media_urls":{"thumbnail":"","post_slider_layout_landscape_large":"","post_slider_layout_portrait_large":"","post_slider_layout_square_large":"","post_slider_layout_landscape":"","post_slider_layout_portrait":"","post_slider_layout_square":"","full":""},"_links":{"self":[{"href":"https:\/\/www.psychologie-flackl.at\/index.php\/wp-json\/wp\/v2\/pages\/16","targetHints":{"allow":["GET"]}}],"collection":[{"href":"https:\/\/www.psychologie-flackl.at\/index.php\/wp-json\/wp\/v2\/pages"}],"about":[{"href":"https:\/\/www.psychologie-flackl.at\/index.php\/wp-json\/wp\/v2\/types\/page"}],"author":[{"embeddable":true,"href":"https:\/\/www.psychologie-flackl.at\/index.php\/wp-json\/wp\/v2\/users\/1"}],"replies":[{"embeddable":true,"href":"https:\/\/www.psychologie-flackl.at\/index.php\/wp-json\/wp\/v2\/comments?post=16"}],"version-history":[{"count":68,"href":"https:\/\/www.psychologie-flackl.at\/index.php\/wp-json\/wp\/v2\/pages\/16\/revisions"}],"predecessor-version":[{"id":486,"href":"https:\/\/www.psychologie-flackl.at\/index.php\/wp-json\/wp\/v2\/pages\/16\/revisions\/486"}],"wp:attachment":[{"href":"https:\/\/www.psychologie-flackl.at\/index.php\/wp-json\/wp\/v2\/media?parent=16"}],"curies":[{"name":"wp","href":"https:\/\/api.w.org\/{rel}","templated":true}]}}