{"id":132,"date":"2024-01-11T10:22:04","date_gmt":"2024-01-11T09:22:04","guid":{"rendered":"https:\/\/nextcloud.fehlfunktion.com\/wordpress1\/?page_id=132"},"modified":"2024-02-10T18:24:37","modified_gmt":"2024-02-10T17:24:37","slug":"klinisch-psychologische-diagnostik","status":"publish","type":"page","link":"https:\/\/www.psychologie-flackl.at\/index.php\/klinisch-psychologische-diagnostik\/","title":{"rendered":"Diagnostik"},"content":{"rendered":"\n<h1 class=\"wp-block-heading\">Diagnostik<\/h1>\n\n\n\n<p><\/p>\n\n\n\n<h5 class=\"wp-block-heading\">Was ist klinisch-psychologische Diagnostik?<\/h5>\n\n\n\n<p>Bei der klinisch-psychologischen Diagnostik  handelt es sich um einen strukturierten Prozess zur Erfassung, Beurteilung und Interpretation von psychischen Zust\u00e4nden und Verhaltensweisen. Durch gezielte Untersuchungen und Gespr\u00e4che gewinne ich Einblicke in Ihre individuelle psychische Verfassung.<\/p>\n\n\n\n<p><\/p>\n\n\n\n<h5 class=\"wp-block-heading\">Warum ist klinisch-psychologische Diagnostik wichtig?<\/h5>\n\n\n\n<p>Die Diagnostik erm\u00f6glicht es mir, ein umfassendes Verst\u00e4ndnis Ihrer pers\u00f6nlichen Situation zu entwickeln. Dies bildet die Grundlage f\u00fcr eine ma\u00dfgeschneiderte Behandlungsplanung. Ob es sich um \u00c4ngste, Depressionen, Belastungsreaktionen oder andere psychische Herausforderungen handelt \u2013 die Diagnostik unterst\u00fctzt mich dabei, die richtige Behandlungsmethode zu w\u00e4hlen.<\/p>\n\n\n\n<p><\/p>\n\n\n\n<h5 class=\"wp-block-heading\">Ablauf der klinisch-psychologischen Diagnostik in meiner Praxis<\/h5>\n\n\n\n<p><\/p>\n\n\n\n<ul class=\"wp-block-list\">\n<li><strong>Anamnesegespr\u00e4ch: <\/strong>Gemeinsam besprechen wir Ihre Anliegen, Vorgeschichte und aktuelle Lebensumst\u00e4nde.<\/li>\n\n\n\n<li><strong>Diagnostische Verfahren:<\/strong> Je nach Bedarf und in Abstimmung auf den Schwerpunkt kommen standardisierte Tests, Frageb\u00f6gen oder klinische Interviews zum Einsatz, um spezifische Aspekte Ihrer Psyche genauer zu erfassen.<\/li>\n\n\n\n<li><strong>Auswertung und Interpretation:<\/strong> Die gesammelten Informationen werden sorgf\u00e4ltig analysiert, um ein fundiertes psychologisches Bild zu erstellen.<\/li>\n\n\n\n<li><strong>Feedback und Behandlungsplanung:<\/strong> In einem pers\u00f6nlichen Gespr\u00e4ch teile ich Ihnen die Ergebnisse mit, erkl\u00e4re die Diagnose und bespreche gemeinsam mit Ihnen m\u00f6gliche weitere Ma\u00dfnahmen- bzw. Behandlungsvorschl\u00e4ge.<\/li>\n<\/ul>\n\n\n\n<p><\/p>\n\n\n\n<p>Eine ausf\u00fchrliche klinisch-psychologische Diagnostik dauert mehrere Stunden und besteht aus Gespr\u00e4chen und Durchf\u00fchrung von psychologischen Testverfahren, in deren Anschluss Befunde erstellt werden. Bitte planen Sie daher mindestens 3 Stunden ein. <\/p>\n\n\n\n<p><\/p>\n\n\n\n<p>Eine sorgf\u00e4ltige klinisch-psychologische Diagnostik ist eine wesentliche Voraussetzung f\u00fcr eine erfolgreiche weiterf\u00fchrende <a href=\"https:\/\/www.psychologie-flackl.at\/index.php\/klinisch-psychologische-behandlung\/\" data-type=\"page\" data-id=\"134\">Behandlung<\/a> und <a href=\"https:\/\/www.psychologie-flackl.at\/index.php\/klinisch-psychologische-beratung\/\" data-type=\"page\" data-id=\"136\">Beratung<\/a>, um gemeinsam L\u00f6sungswege f\u00fcr Ihre psychischen Herausforderungen zu finden.<\/p>\n\n\n\n<p><\/p>\n\n\n\n<p>Kontaktieren Sie mich f\u00fcr weitere Informationen oder vereinbaren Sie einen <a href=\"https:\/\/www.psychologie-flackl.at\/index.php\/terminanfrage\/\" data-type=\"page\" data-id=\"202\">Termin<\/a> f\u00fcr ein erstes Gespr\u00e4ch. Gemeinsam arbeiten wir an Ihrer psychischen Gesundheit.<\/p>\n","protected":false},"excerpt":{"rendered":"<p>Diagnostik Was ist klinisch-psychologische Diagnostik? Bei der klinisch-psychologischen Diagnostik handelt es sich um einen strukturierten Prozess zur Erfassung, Beurteilung und Interpretation von psychischen Zust\u00e4nden und Verhaltensweisen. Durch gezielte Untersuchungen und Gespr\u00e4che gewinne ich Einblicke in Ihre individuelle psychische Verfassung. Warum ist klinisch-psychologische Diagnostik wichtig? Die Diagnostik erm\u00f6glicht es mir, ein umfassendes Verst\u00e4ndnis Ihrer pers\u00f6nlichen Situation [&hellip;]<\/p>\n","protected":false},"author":1,"featured_media":0,"parent":0,"menu_order":0,"comment_status":"closed","ping_status":"closed","template":"","meta":{"_regular_price":[],"currency_symbol":[],"footnotes":""},"class_list":["post-132","page","type-page","status-publish","hentry"],"post_slider_layout_featured_media_urls":{"thumbnail":"","post_slider_layout_landscape_large":"","post_slider_layout_portrait_large":"","post_slider_layout_square_large":"","post_slider_layout_landscape":"","post_slider_layout_portrait":"","post_slider_layout_square":"","full":""},"_links":{"self":[{"href":"https:\/\/www.psychologie-flackl.at\/index.php\/wp-json\/wp\/v2\/pages\/132","targetHints":{"allow":["GET"]}}],"collection":[{"href":"https:\/\/www.psychologie-flackl.at\/index.php\/wp-json\/wp\/v2\/pages"}],"about":[{"href":"https:\/\/www.psychologie-flackl.at\/index.php\/wp-json\/wp\/v2\/types\/page"}],"author":[{"embeddable":true,"href":"https:\/\/www.psychologie-flackl.at\/index.php\/wp-json\/wp\/v2\/users\/1"}],"replies":[{"embeddable":true,"href":"https:\/\/www.psychologie-flackl.at\/index.php\/wp-json\/wp\/v2\/comments?post=132"}],"version-history":[{"count":13,"href":"https:\/\/www.psychologie-flackl.at\/index.php\/wp-json\/wp\/v2\/pages\/132\/revisions"}],"predecessor-version":[{"id":474,"href":"https:\/\/www.psychologie-flackl.at\/index.php\/wp-json\/wp\/v2\/pages\/132\/revisions\/474"}],"wp:attachment":[{"href":"https:\/\/www.psychologie-flackl.at\/index.php\/wp-json\/wp\/v2\/media?parent=132"}],"curies":[{"name":"wp","href":"https:\/\/api.w.org\/{rel}","templated":true}]}}